 - 34. Let v(c) = 5*c + 11. Let h(a) = -6*m(a) - 17*v(a). Let i be h(13). Suppose 4*w - i = 0, n = -2*n + 2*w + 58. List the prime factors of n.
2, 5
Let t = 563 - 175. Suppose 4*y + t = -f + 134, -y - 60 = 2*f. What are the prime factors of -15 + 13 - (y - 0)?
2, 31
Let m = 8 + -2. Suppose 3*q = -0*q - m, 0 = -4*j + q + 130. What are the prime factors of j?
2
What are the prime factors of -2 + 533 + (-11 + 2 - -8)?
2, 5, 53
Let q = -6745 - -12126. What are the prime factors of q?
5381
Let n be 2/8 - 34/8. Let v(a) = a + 5. Let k be v(11). Let b = k + n. What are the prime factors of b?
2, 3
Suppose 3*l + 5*q - 11 = 0, -5*q - 5 = -4*l - 2. Suppose 118 = l*z - 102. What are the prime factors of z?
2, 5, 11
Let h be 16/7 - (-4)/(-14). Suppose 0 = 4*s + 5*o - 41, s - h*o - 9 = -3*o. Suppose -6 = -s*z + 6. List the prime factors of z.
3
Suppose -q - 1 = -7. Let u(r) = 0*r - 4*r + 29 + q + 2*r. What are the prime factors of u(0)?
5, 7
Suppose 7*z - 1241 - 4716 = 0. What are the prime factors of z?
23, 37
Suppose 0 = r + 2*w - 418, 1254 = 3*r + 3*w + w. What are the prime factors of r?
2, 11, 19
Let n = 49 - 32. Suppose -h = -3*f - n, 5*h + 4*f = -70 + 193. What are the prime factors of h?
23
Suppose -4*n = -n - 3. Let z be (2 + -3)*(-2)/n. Suppose 7*f - z*f = 155. What are the prime factors of f?
31
Suppose -66*b = -57*b - 10602. What are the prime factors of b?
2, 19, 31
Suppose 13 = 4*x - 3. Suppose x*f + 3*c = -2*c + 123, 158 = 4*f - 2*c. List the prime factors of f.
37
Suppose k + 10 + 0 = 0. Let t(x) = -3*x - 15. Let s be t(k). Suppose -3*v = -5*c - s - 17, -2*v + 20 = -3*c. What are the prime factors of v?
2
Let x = 85 + 127. What are the prime factors of x?
2, 53
Suppose 56*g = -30*g + 222396. List the prime factors of g.
2, 3, 431
Let n be 258/(-54) + 5 + 50/18. Suppose 196 = n*r - 5. What are the prime factors of r?
67
Let k(b) = b**3 + 4*b**2 - 13*b - 11. Suppose 0 = -4*v - 5*u - 25, -6*v + 2*v - 4*u - 24 = 0. List the prime factors of k(v).
29
Let a(u) = u**3 + 4*u**2 + 2*u - 4. Let h be a(-3). Let v(n) = -120*n + 1. What are the prime factors of v(h)?
11
Let o(x) = -x**3 + 12*x**2 - 6*x - 13. Let c be 56/5 - (-1)/(-5). Let d be o(c). Let k = -20 + d. What are the prime factors of k?
2, 11
Suppose -5*o + 5*m + 2210 = 0, -o - 2*m = -m - 446. Suppose k - o = -k. What are the prime factors of k?
2, 3, 37
Suppose 10234 = -15*w + 40804. What are the prime factors of w?
2, 1019
Suppose s - 6*d + 2*d - 1168 = 0, 4*s - 5*d - 4628 = 0. List the prime factors of s.
2, 3
Let q(u) = -4*u**3 + 6*u**2 + 6*u + 6. What are the prime factors of q(-5)?
2, 313
Let l(u) be the first derivative of u**4/4 + 5*u**3/3 + 5*u**2/2 + u - 5. Let a be l(-4). Let f = 22 - a. What are the prime factors of f?
5
Suppose -4*d + 3*q + 46 = -647, -5*d + 5*q = -870. What are the prime factors of ((-15)/(-9) - -1)*d/4?
2, 3, 19
Let t(z) = 6*z**2 + 4*z. What are the prime factors of t(-8)?
2, 11
Suppose -3 + 7 = -r - a, a = -1. Let b = 133 + -130. List the prime factors of (1 + r + b)*65.
5, 13
Let v = -65 - -329. What are the prime factors of v?
2, 3, 11
Suppose 2*a = 5*k + 5, -3*a + 13 = -5*k + 3*k. Suppose -4*w - 3*u = -219, -a*w - 2*u = -4*w - 61. Let b = 90 - w. What are the prime factors of b?
3, 13
Suppose -40*z = -41*z + p + 629, 0 = 3*z + p - 1867. What are the prime factors of z?
2, 3, 13
Suppose 3*d = -d + 7*d. Suppose 3*g - 498 - 69 = d. What are the prime factors of g?
3, 7
Suppose -13*i + 78 = -10*i. List the prime factors of i.
2, 13
Let w = -2181 - -3074. What are the prime factors of w?
19, 47
Let c be (-5)/(-2)*(-2 - (-6 - -2)). Suppose 495 = -0*w + c*w. List the prime factors of w.
3, 11
Let k = 656 - -2075. What are the prime factors of k?
2731
What are the prime factors of (64 - 70)*(-3)/((-6)/(-379))?
3, 379
Let n(b) = 2*b**2 + 13*b + 11. Let o be (7 - 4)/((-6)/(-4)). Suppose -22 + 6 = o*w. List the prime factors of n(w).
5, 7
Suppose 0 = 3*u + 2*y - 5, 2*y + 10 = 4*u + 3*y. Suppose -u - 17 = -4*v. Suppose v*q - 4*q + 5*l = -18, 2 = q + l. What are the prime factors of q?
7
Suppose -2*a - a + 6 = 0. Suppose -5*l = -20, p + a*l - 5*l = -8. Let d(w) = w**2 - w + 7. List the prime factors of d(p).
19
Let k be (-2)/8 + (-888)/32. Let o = k + 46. Let y = 9 + o. List the prime factors of y.
3
Let o be -3 + 10 + 3 + 0 + -7. Suppose 4*g - 5*d - 268 = 180, 5*g = o*d + 573. List the prime factors of g.
3, 13
Let p = -327 + 842. Let f = 815 - p. List the prime factors of f.
2, 3, 5
Let m(a) = 802*a**2 + 99*a + 100. List the prime factors of m(-1).
11, 73
Suppose -11*b - 90 = -13*b. What are the prime factors of b?
3, 5
Let s(u) = 9*u**2 - u + 1. Let z be s(1). Suppose 5*v - z*v + 12 = 0. Suppose -2*d + 6*d = -3*k + 109, 0 = -v*d + 5*k + 118. What are the prime factors of d?
31
Let q(t) = t**3 - 9*t**2 + 5*t + 16. Let s be q(8). What are the prime factors of s/(-16)*(173 + -1 + 0)?
2, 43
Suppose -28*u + 21288 = -18136. What are the prime factors of u?
2, 11
Let r(i) = -i**3 - 2*i**2 + 2*i + 29. Let y be r(0). Let q = 4 + y. List the prime factors of q.
3, 11
Let q(o) = -2*o + 11. Let v be q(6). Let s(i) = 4*i**2 - i - 1. What are the prime factors of s(v)?
2
Let y(u) = u**2 + u + 4. Let x be y(0). Suppose 0*v + 2*f = x*v - 116, 3*f = 4*v - 112. List the prime factors of 3 + v + (-3 - 0).
31
List the prime factors of (1162 - (-5 + 6)) + -5*1.
2, 17
Let y(g) be the first derivative of -g**3/3 - 4*g**2 - 2*g + 15. List the prime factors of y(-7).
5
Suppose -1001 = -7*x - 6*x. Let p = -44 + x. What are the prime factors of p?
3, 11
Suppose 35*k - 31*k = -3*q + 11065, 0 = -2*q + 2*k + 7358. List the prime factors of q.
29, 127
Let w be 3 + (3*-4)/4. Suppose -2*p + 6*p = -2*f + 284, 5*p - f - 362 = w. What are the prime factors of p?
2, 3
Let o be 0*((-2)/(-5))/(8/(-10)). Suppose o = -4*q + 247 + 25. What are the prime factors of q?
2, 17
What are the prime factors of 1014/(((-2)/6)/(14/(-42)))?
2, 3, 13
Let o = 87 - 137. Let b be 12*6/8*-3. Let t = b - o. List the prime factors of t.
23
Let g = -8 + 11. Suppose 0 = -j + 44 + g. List the prime factors of j.
47
Let m be 40/(-6)*(-7 + (-85)/(-10)). Let t(u) = -19*u + 11. What are the prime factors of t(m)?
3, 67
Let v(n) be the third derivative of -n**5/60 - 2*n**4/3 - 11*n**3/6 + 68*n**2. Suppose 25 = 5*u, 0*w - 4 = -2*w - 4*u. List the prime factors of v(w).
53
Let v(s) = -s**3 + s**2 - 11*s - 11. List the prime factors of v(-4).
113
Suppose 3*o + 2*k = -k + 1806, -1786 = -3*o + 2*k. List the prime factors of o.
2, 13, 23
Let x(v) = 10*v**2 - 2 + 3 - v + 11*v**2. Suppose 4*f - 2*d + 21 - 19 = 0, -3*d + 4 = -5*f. What are the prime factors of x(f)?
3, 7
Let l(s) = -s**3 - 5*s**2 - 3*s + 4. Suppose -3*t - 4 = -2*t. Let x be l(t). List the prime factors of x/(-2) + 1 - -14.
3, 5
Let f be 3*-3*(304/(-12) - -2). Suppose 3*o - 2*j = -7*j + f, 0 = 3*o - 4*j - 210. What are the prime factors of o?
2, 5, 7
Suppose 4*s = 122*s - 567580. List the prime factors of s.
2, 5, 13, 37
What are the prime factors of 4/8*4638/((-12)/(-4))?
773
What are the prime factors of 3*3*30*1776/370?
2, 3
Let k = -13 - -21. Suppose 5*p - 50 + 1 = -h, p = -2*h + k. What are the prime factors of p?
2, 5
Let l(z) = -3*z**3 - 7*z**2 - 20*z - 200. What are the prime factors of l(-7)?
2, 313
Suppose 7*q - 335 - 1471 = 0. What are the prime factors of q?
2, 3, 43
Let q(a) = -3*a + 15. Let m be q(4). Suppose 49 = 5*b - m*b + 5*d, 0 = 4*b + 2*d - 122. What are the prime factors of b?
2
Suppose -2*b - 57 = -3*p, -b = 3*p + 9 - 57. Let q = -12 + p. Suppose u + q = 2*x, -4 - 8 = -3*x. What are the prime factors of u?
3
Suppose -k - 487 = 3*h - 6*k, -2*k = h + 155. Let v = h - -91. List the prime factors of (2/(-2))/(2/v).
2, 17
Let m(i) = -i**3 - 11*i**2 - 10*i - 9. Let o be m(-10). Let q = 25 + o. Suppose 3*s = q + 86. List the prime factors of s.
2, 17
Let s(u) = 11*u + 4. Let j(l) = -l**2 - 5*l + 3. Let y be j(-5). Let a be s(y). Suppose 2*g - a - 35 = 0. List the prime factors of g.
2, 3
Let b be 3*2/2 - 945. Let a be (-2)/8 - b/24. Suppose -2*i + 3 = -a. What are the prime factors of i?
3, 7
Let k = 25 + -35. Let m = 31 + k. List the prime factors of m.
3, 7
Let a(x) = x**3 - 5*x**2 - 8*x + 20. Let h be a(6). Suppose 0 = 3*k - h*k - 2*j + 50, -3*k - 3*j 